q - 8. Let u be x(s). Calculate the remainder when 67 is divided by 22/u + (3 - 0).
11
What is the remainder when 14 is divided by 5 - 5 - -13 - 5?
6
What is the remainder when 125 is divided by (((-8)/(-6))/2)/((-14)/(-84))?
1
Let p = -7 + 13. Suppose -3*u + p*u = -4*l + 42, -3*u - 6 = 0. Suppose -495 = 36*d - 47*d. Calculate the remainder when d is divided by l.
9
Suppose -2*t + 7 + 23 = 0. Suppose 0 = k - 5*d - 59, 4*k + 2*d - 115 - 165 = 0. Let s = k - t. What is the remainder when s is divided by 14?
12
Let g = 69 - 30. What is the remainder when g is divided by 6?
3
Let q(l) = l**3 + 6*l**2 - 3*l + 1. Let w = 0 - 3. Calculate the remainder when q(w) is divided by 1 - (1 + -1) - -12.
11
Let h be -24 + 10/(-4 - 1). What is the remainder when 27 is divided by h/(-4) + (-12)/24?
3
Suppose 4*y = 4 + 16. Suppose m + c = 5*m - 18, 0 = y*c + 10. What is the remainder when m is divided by ((-39)/(-26))/((-2)/(-4))?
1
Suppose 2*o + 41 = 81. Suppose -k + 210 = o*k. Let h = -20 + 39. Calculate the remainder when h is divided by k.
9
Suppose 3*f = -39 + 279. Suppose 5*v - f = -5*c, 26 = -0*v + 2*v - 4*c. What is the remainder when (3 - (1 - -1))*44 is divided by v?
14
Let f = -1267 - -1289. What is the remainder when 158 is divided by f?
4
Suppose 5 = 17*z - 16*z. Suppose -33 - z = -3*i - 2*q, q - 54 = -5*i. Calculate the remainder when i is divided by 1*(8 - (0 - -2)).
4
Let r = -58 - -93. Suppose 3*d - 55 = 4*m, 0 = -m - 2*m + 5*d - 33. Let u = m + r. Calculate the remainder when u is divided by 5.
4
Suppose f = 2*o - 28, -3*o + 4*f = 2*o - 76. Calculate the remainder when 141 is divided by o.
9
Let m(w) = w**2 + 12*w + 35. What is the remainder when 852 is divided by m(6)?
137
Suppose 4*n = n - 15. Let k = -3 - n. Let i = 11 - 8. Calculate the remainder when i is divided by k.
1
Let p(n) = 6*n - 6*n + 4*n + n**2 - 16. Let q be p(-7). Suppose 3*z - 151 = -5*b, 2*b - 54 + 6 = q*z. Calculate the remainder when b is divided by 5.
4
Let a = 41 + 83. Let t = a + -108. What is the remainder when 4/6*(-93)/(-2) is divided by t?
15
Let x = -125 + 257. Let a = x - 129. What is the remainder when a is divided by 1?
0
Suppose -4*z - 20*j + 88 = -19*j, 0 = -2*z + 3*j + 44. What is the remainder when 2 + ((-41)/(-1))/1 is divided by z?
21
Let w = 8 - 22. What is the remainder when 37 is divided by (-116)/w + (-16)/56?
5
Let h be 3 + (-1)/(2/(-4)). Let v(y) = 33*y - 34*y + 1 + h. What is the remainder when 27 is divided by v(-9)?
12
Let b = 190 - 178. Calculate the remainder when 31 is divided by b.
7
Let l(q) = 29*q**3 + q. Let c be l(-1). Let z be ((-2)/6)/(15/2385). Let p = c - z. Calculate the remainder when p is divided by 4.
3
Suppose 4*y - 49 = -4*h + 127, -2*h = 3*y - 134. Calculate the remainder when 271 is divided by y.
41
Let o be 3/(-6) + (-15)/(-6). Suppose j + 26 = d + 81, -15 = 3*d. Suppose 60 = v + 5*z, -4*v + 4*z + j = -o*v. What is the remainder when v is divided by 12?
11
What is the remainder when 28 + (1 + -1)/1 is divided by -4 - (55/(-110))/((-2)/104*-2)?
1
Let o(z) = z**3 + 3*z**2 - 12*z + 2. Suppose -7*s + 16 = -4*k - 8*s, -4*k - 28 = -2*s. What is the remainder when 20 is divided by o(k)?
8
Let g = 98 + -65. Let h(x) = -2*x**3 + 13*x**2 - 2*x - 15. What is the remainder when g is divided by h(6)?
6
Let k = -108 + 164. Let a = 80 - k. Calculate the remainder when 46 is divided by a.
22
Let m(b) = -b + 21. Calculate the remainder when m(-14) is divided by 6.
5
Let q(k) = 5*k - 2. Let x be 209/33 + 2/(-6). Let z = -1 + x. Calculate the remainder when q(z) is divided by 13.
10
Let k = -644 + 984. Calculate the remainder when k is divided by 43.
39
Let q(g) = -2*g**3 + 3*g**2 + 5*g + 5. Let n(l) = 3*l**2 + 4*l + 2. Let h be n(-2). Calculate the remainder when h/(-4)*(-30)/1 is divided by q(-2).
22
Suppose 7*z - 24 = 3*z. Let u(y) = -y**2 - 9*y + 2. Calculate the remainder when u(-7) is divided by (10 - 1)/(z/4).
4
Suppose 330 = 16*d - 1510. What is the remainder when d is divided by 48?
19
Suppose -3*f = -5*l - 8 - 37, 2*f = -l + 30. Let m = f - 13. Suppose 5*z - m = 13. Calculate the remainder when 6 is divided by z.
0
Let b(s) = 9*s - 9 - 2*s**2 - 4*s + 9*s. What is the remainder when b(5) is divided by 6?
5
Suppose 5*r + 4*n + 293 = 3*n, -2*r - 122 = 2*n. Let p = r - -41. Let a = -1 - p. Calculate the remainder when 47 is divided by a.
15
Let b(d) = -21*d - d**2 + 4*d**3 + 1 + 20*d + 2. What is the remainder when 24 is divided by b(1)?
4
Let s(x) = x**2 - 17*x + 29. Suppose 0 = -5*o + 4*o + 45. Calculate the remainder when o is divided by s(16).
6
Suppose -2*d + 15 = 3*s, -8 - 1 = -d - 2*s. Suppose -d*i + 22 = 4*l, 3*l + 2 = 14. Suppose -i*g - 3*g = -250. Calculate the remainder when g is divided by 13.
11
Let a = 25 + -18. Let m be (-2*8/6)/(4/6). Let p = a + m. Calculate the remainder when p is divided by 3.
0
Let p(t) = -t. What is the remainder when (-2)/(-10) + 0 + 138/10 is divided by p(-3)?
2
Suppose 0 = m + 18 - 21. Suppose -9 = -m*a + 3, -2*a - 364 = -4*k. What is the remainder when k is divided by 148/6 + 2/(-3)?
21
Let g(x) = 2*x - 3. Suppose 270 = 8*h - 3*h. What is the remainder when h is divided by g(11)?
16
Calculate the remainder when 180 is divided by 58005/585 - 10/65.
81
Let w(t) = 3*t**2 + 79*t + 460. Calculate the remainder when w(-7) is divided by 2/(4*(-2)/(-20)).
4
Let i = 40 - -18. Let x = -35 + i. What is the remainder when x is divided by 6?
5
Let v(d) = d**2 - 4*d + 8. Calculate the remainder when 142 is divided by v(7).
26
Let s = -141 - -172. Calculate the remainder when 260 is divided by s.
12
Suppose -5*h + 53 = -147. Let k = 3030 + -2954. Calculate the remainder when k is divided by h.
36
Suppose 0 = 117*s - 7938 + 1269. Calculate the remainder when s is divided by 6.
3
Let a = 363 + -184. Let w = 66 + -40. What is the remainder when a is divided by w?
23
Let x be (-3)/15 - 224/(-20). Suppose -15 = -x*n + 8*n. Suppose 0 = 3*o - n*a + 22 - 69, 44 = 3*o - 2*a. Calculate the remainder when 26 is divided by o.
12
Suppose 50 = 5*v - 70. Suppose -20*z - 32 = -v*z. What is the remainder when 30 is divided by z?
6
Let d(i) = -2*i**2 - 48*i + 208. Calculate the remainder when d(-25) is divided by 18.
14
Let z(n) = 18*n. Let p be z(-4). Let g = p - -121. Let s = 39 + -13. Calculate the remainder when g is divided by s.
23
Suppose -n + 16 = 3*n. Let x(r) = r**3 - r**2 - 2*r + 7. Let v be x(n). Let m = 68 - v. Calculate the remainder when m is divided by 12.
9
Let k = 11 - -9. Let u be (1/(-2))/((-1)/6). Suppose 0 = -u*o - 12 + 36. Calculate the remainder when k is divided by o.
4
Suppose x - 4 = -3*k, 2*k + 3*x + 1 = 6. Let q(a) = 15*a**2 - 4*a + 2. Calculate the remainder when 32 is divided by q(k).
6
Let h be 14/7*(-2)/4. Let u be 22*(h - (-1 - 1)). Suppose 0 = -26*d + u*d + 56. What is the remainder when d is divided by 6?
2
Suppose 4*f + 4*r + 10 - 42 = 0, 56 = 4*f - 2*r. What is the remainder when 22 is divided by f?
10
Let f = 5 + -10. Let i = f + 10. Suppose -i*y - 20 = 0, 2*c - y + 0*y - 22 = 0. Calculate the remainder when c is divided by 4.
1
Suppose -17*z + 25*z = 128. What is the remainder when 105 is divided by z?
9
Suppose -3*q = 12 - 99. Let m(n) = 56*n - 50. Let x(a) = 19*a - 17. Let h(j) = -6*m(j) + 17*x(j). Calculate the remainder when h(-8) is divided by q.
28
Let a(i) be the third derivative of 13*i**5/60 - i**3/6 - 13*i**2. What is the remainder when 46 is divided by a(-1)?
10
Let y be (-288)/30 - 2/5 - 0. Let k = y + 69. Calculate the remainder when k is divided by 21.
17
Let t be (-1)/(-4) + (-261)/(-12). Let a = -29 + t. Let f = 13 + a. Calculate the remainder when f is divided by 4.
2
Let q(p) = 24*p + 47. Calculate the remainder when q(10) is divided by 32.
31
Suppose -4*m = 3*h - 6 - 11, 5*h = -3*m - 1. Suppose 4 = -2*x, -4*x + 21 - 1 = p. Let y = p + -15. Calculate the remainder when y is divided by m.
5
Let v be (16/10)/(6/(-75)). Let s(q) = -q**3 - 4*q**2 + 3*q + 6. Let i be s(-4). Calculate the remainder when (v/i)/(2/36) is divided by 21.
18
Let n be ((-12)/3 + 2 + 0)/(-1). Suppose -4*w + 2 = 3*b - 6, -n*w + 4*b = -26. What is the remainder when 13 is divided by w?
3
Suppose -232*w + 245*w = 741. Calculate the remainder when 304 is divided by w.
19
Suppose 0*j - 13*j = -1027. Calc